et x = -3081 + 17224. Is x composite?
False
Let o be -1 + ((-2)/(-5) - (-1168)/(-20)). Let p = o - -62. Is 214/1 + 0 + p composite?
True
Let u = 86849 - 10482. Is u a prime number?
True
Is -7*((-6)/30 - 391152/140) a composite number?
False
Let f = 118 - 117. Is (-421 + 0)/(f/(-11)) a composite number?
True
Let q(n) = n**3 - 50*n**2 + 82*n - 710. Is q(49) a prime number?
True
Let z be 2/(((-8)/(-6270))/((-12)/(-30))). Let b be z/2*(-7)/(63/(-282)). Is 12/(-72) - b/(-6) prime?
True
Suppose -5*w = g + 2, w = 4*g - 0*w + 50. Let p = g - -14. Suppose 0 = -p*t - 3*l + 202 + 102, -3*t = -3*l - 486. Is t composite?
True
Let p(s) = 28967*s - 7162. Is p(27) a prime number?
False
Suppose -3*i + 7236 = 3*i. Suppose 3*a - 1152 = -3*j, -5*a - j + i = -702. Suppose -2*n + 762 = -3*l, -2*n - l = -3*n + a. Is n prime?
False
Suppose -6*x + 23060 = -x. Suppose -3*p + 18 = 2*u, -3*u - 3 = -25*p + 22*p. Suppose u*k = -1249 + x. Is k composite?
True
Suppose 10*k + 3 = 43. Suppose k*h - 11540 + 1756 = 0. Is h a prime number?
False
Suppose 0 = -5*w + 4*t + 172, -t = 3*w + t - 90. Suppose -w*s = -35*s + 12603. Is s prime?
True
Let u = -18146 - -10757. Is u/(-3) - (-20)/(-5) prime?
True
Let c(k) = 2*k**2 - 6*k + 7. Let v be c(0). Let p(f) be the third derivative of 119*f**5/60 - 25*f**4/24 + 7*f**3/6 + f**2. Is p(v) prime?
False
Suppose 0*w + 4*w = -y + 24785, -5*y + 124057 = -2*w. Is y prime?
True
Let a(h) = h**2 - 9*h + 20. Let x be a(7). Suppose -3*n - x + 18 = 0. Suppose -2*r = -n*r + 1834. Is r a prime number?
False
Let s(a) = 2*a + 44. Let d be s(-20). Is (6 + d)*655/10*1 a prime number?
False
Suppose 20*z - 14*z = 228. Let o = z - 35. Suppose -8449 = -o*h - 2*l, 10*l - 2803 = -h + 6*l. Is h composite?
False
Let v(k) = 8*k - 38. Let a(l) = l**2 + 4*l - 13. Let g be a(-7). Let o be v(g). Let w = 285 - o. Is w composite?
True
Let y = 347 - 224. Suppose -8*g + y = -229. Suppose -z + 539 + g = 0. Is z prime?
False
Suppose 2*j + 3*g = -12 - 13, -3*g - 14 = j. Let s(y) = y**2 + 4*y + 9. Let v be s(j). Suppose 490 = 5*f - 5*r, -5*r + 2*r + v = f. Is f prime?
False
Let c = -64 + 49. Let w be (-4)/(-3)*(c/(-10))/1. Suppose -w*t + 467 - 141 = 0. Is t composite?
False
Let h be 2/(-6) - (-36750)/90. Let a = 981 - h. Is a a prime number?
False
Suppose 3*v = -3*z - 1636 + 451, -3*z = v + 1189. Suppose 212 + 58 = -3*r. Let t = r - z. Is t composite?
False
Let y be (5/2)/(80/32). Suppose 3*a + 4*k = -23, -k = -y - 0. Is 16/12*-862*a/12 a prime number?
False
Suppose 814*x = 840*x - 252382. Is x a composite number?
True
Let f = 22921 - -120408. Is f a composite number?
False
Suppose 26 - 2 = 4*x. Suppose -3*q - 3618 = -3*j, x = -q + 1. Is j a composite number?
False
Let h(i) = -2*i**3 + 16*i**2 + 24*i - 49. Let n be h(9). Suppose 3*f = n*w + 5122, 6833 = 12*f - 8*f - 3*w. Is f a prime number?
True
Let h(s) = 7*s + 331. Let z be h(-47). Suppose -z*u + 12899 = -t + 4*t, 5*u - 5 = 0. Is t prime?
False
Let o be (-6)/(-4) - 493595/34. Let y = 30871 + o. Is y a composite number?
True
Let x(k) = k**3 + 2 + 0 + 4 - 6*k - 1. Let q be x(2). Let o(s) = 909*s**2 - s + 3. Is o(q) a composite number?
False
Let f = -1589 + 3030. Let j = f - 534. Is j prime?
True
Let i(x) = 28*x**2 + 20*x + 140. Let z be i(-5). Suppose -733*s - 8491 = -z*s. Is s a composite number?
False
Let l(a) = -2*a**3 - 4*a**2 - 9*a - 3. Let r be l(-8). Let w be (-4422)/(-12) + (-3)/6. Let n = r - w. Is n a prime number?
False
Let n(x) be the second derivative of -x**3/6 + x**2 + 17*x. Let q be n(-4). Suppose 107 = q*y - 1435. Is y prime?
True
Let n(f) = 35*f**2 - 620*f**3 + 308*f**3 + 18 + 5 + 19*f + 313*f**3. Is n(-10) composite?
False
Let g(h) = -h**3 + 5*h**2 + 12*h + 4. Let v be g(6). Suppose 3*l + 31 = v. Suppose 5*c + 1452 = l*p - 566, 2*c + 673 = p. Is p prime?
False
Let v = -39 + 117. Let m be ((-6)/5)/(-2*3/(-260)). Let q = v + m. Is q prime?
False
Is -1 + (-6)/(-10) - (4844848/(-95) + 9) composite?
False
Suppose -2564407 - 11727632 = -69*g. Is g a prime number?
False
Let x = 173 + -755. Is 0 - x - (-6 + (5 - 4)) a prime number?
True
Suppose 3*p + 6463 = 4*p + 3*o, -2*p = 4*o - 12930. Is p prime?
True
Suppose 0 = 6*h - 7*h + 19. Let p(r) = -r**3 + 19*r**2 - r + 15. Let d be p(h). Is d/(-14) + (-2 - (-11266)/14) prime?
False
Let d(l) be the second derivative of 103*l**3/6 - 3*l**2/2 - 41*l. Let x be d(4). Let p = x + 292. Is p a prime number?
True
Let q(u) = -4*u**2 - 65*u - 11. Let j be q(-16). Is (j - 55/15)*1139382/24 a composite number?
False
Let b be -8*(-3 + 0)/6. Let n(x) = -79 - 11*x - 17*x + 8*x - b. Is n(-27) composite?
False
Suppose 116*b - 22089945 = -5460533. Is b composite?
False
Suppose -4*b - 12 = 8, -3*b - 562379 = -4*v. Is v a composite number?
True
Let m be -21 + ((-8)/(-10))/((-2)/5). Let d = -871 + 2366. Is ((-3)/(30/4))/(m/d) a composite number?
True
Suppose 41 = -2*o + 1029. Suppose -92*j = -95*j + 192. Suppose 6*g - o = j. Is g a composite number?
True
Is 82796*(7 + (-27)/4) prime?
False
Let q = 24 - 33. Let o be 13 + -9 + 1 + q. Let w(n) = 19*n**2 - 4*n + 7. Is w(o) prime?
False
Let a(d) = 22*d**2 + 4*d - 1. Let i(b) = -b**2 - b. Let h(s) = a(s) + 5*i(s). Let c be h(-2). Suppose o = c + 650. Is o a composite number?
False
Suppose 0 = -5*m + 108 + 11427. Suppose 42*x = 39*x + m. Is x a prime number?
True
Let h(u) = 165*u**3 - 10 + 21 + 3*u**2 + 4*u - 4. Is h(7) composite?
True
Let d(a) = -113*a + 14. Let z(g) = 5*g + 14. Let l(m) = m + 3. Let c(q) = -11*l(q) + 2*z(q). Let p be c(-2). Is d(p) a prime number?
True
Suppose 3*x - 42698 = 320 + 2516. Is x a composite number?
True
Suppose 5*p + 0*p - z + 20567961 = 0, 0 = 2*p - 2*z + 8227186. Is p/(-145) + (-6)/10 prime?
False
Let r(w) = 3*w - 16. Suppose 4*q - 60 = -6*q. Let n be r(q). Suppose 6937 = n*u + 5*u. Is u a composite number?
False
Let t(k) = -k**3 - 25*k**2 + 18*k + 20. Let s be t(-20). Let y = 4973 + s. Is y a prime number?
True
Let t = 325973 - -403250. Is t a composite number?
True
Is 28/224 + -2 + 854515/40 a composite number?
True
Suppose 9*b + 33 = 12*b. Suppose 0 = -b*v + 8*v + 381. Is v a prime number?
True
Suppose 105*i - 2091928 = -119*i + 216*i. Is i prime?
False
Let b = -103 + 106. Suppose b*l + 5*z + 26 = 2*l, -5*l - 4*z = 46. Is (-16186)/(-10) - -3*l/(-45) a composite number?
False
Let m(r) = r**3 + 2*r**2 - 71*r + 235. Is m(46) a prime number?
False
Let z(l) = -13 + 85*l + 19 + 6 + 9. Let p be (4/(-16) + (-252)/16)/(-2). Is z(p) composite?
False
Suppose -12*j + 10*j = 40. Let r = j - -17. Is (-5)/(-30)*r - (-2415)/2 a composite number?
True
Suppose -65*t - 116589 + 278700 = -62*t. Is t prime?
True
Let b = 33 + -21. Let s = b - -2. Is (s/(-6))/(7/(-6153)) composite?
True
Suppose 2*k + 1 = -5*d - 5, 10 = 3*k - 2*d. Is 6/k*(7 - (-33952)/24) a composite number?
True
Suppose -4240 = 24*f - 38704. Is f/(-3)*99/(-66) prime?
False
Let y = 768 - 739. Suppose -y*u - 5892 = -33*u. Is u a composite number?
True
Let n be (11 - -5702) + 1*2/2. Let g = n + -1105. Is g a prime number?
False
Let p(w) = 2*w**2 - 3*w - 18. Let u be p(5). Suppose u*y = 4*y + 21541. Is y a composite number?
False
Let u(s) = -2748*s - 1625. Is u(-17) a composite number?
True
Suppose 172 - 21 = 4*m + r, 0 = 4*m - 2*r - 166. Let c(j) = -2*j**3 + 79*j**2 - 4*j - 4. Is c(m) a composite number?
False
Let c(y) be the third derivative of 47*y**5/60 - 7*y**4/24 - 25*y**3/6 - 2*y**2 + 24*y. Is c(-6) a composite number?
False
Let l be 6/16 + 267/(-712). Suppose -13*n + 219463 + 8284 = l. Is n composite?
False
Is ((-124)/16 - 72/(-9))*192628 prime?
True
Let a(n) = n**3 - 18*n**2 + 23*n + 35. Let j be a(18). Suppose 441*z + 79912 = j*z. Is z a composite number?
True
Let a(f) = -2*f + 22. Let h be a(-13). Let i = -46 + h. Suppose -v - 123 = -i*v + 3*n, -v - 5*n = -139. Is v a composite number?
True
Let o(y) = -1641*y**3 + 7*y**2 + 16*y - 47. Is o(-6) a composite number?
True
Let t(x) = 259*x**3 + 7*x**2 + 3*x - 12. Let d be t(5). Suppose 0 = 430*a - 427*a - d. Is a prime?
False
Let s(x) = x**3 - 6*x**2 + 2*x + 13. Let k be s(4). Let v = k - -16. Suppose -3*q - 4*h + 962 = -2*q, q + v*h - 957 = 0. Is q composite?
True
Let b = -122 + 127. Suppose 11*r + 4*n = 10*r + 891, b = -n. Is r a composite number?
False
Let a be ((-1760)/12 - 0)*(-6)/5. Let g = -71 - a. Let d = 3